73
What is the remainder when 1299572 is divided by 649741?
90
Calculate the remainder when 6807354 is divided by 3452.
10
Calculate the remainder when 1070806 is divided by 1120.
86
What is the remainder when 127054 is divided by 566?
270
Calculate the remainder when 5588827 is divided by 1833.
10
What is the remainder when 4845849 is divided by 27?
24
What is the remainder when 141897 is divided by 1869?
1722
Calculate the remainder when 1729353 is divided by 1729340.
13
Calculate the remainder when 1821658 is divided by 28914.
76
What is the remainder when 18363353 is divided by 114058?
15
Calculate the remainder when 1696957 is divided by 126.
115
What is the remainder when 65010 is divided by 20217?
4359
What is the remainder when 5219525 is divided by 127305?
20
What is the remainder when 237241540 is divided by 403472?
4
What is the remainder when 5192855 is divided by 50?
5
Calculate the remainder when 570540 is divided by 2896.
28
What is the remainder when 79123823 is divided by 3474?
3473
Calculate the remainder when 704684 is divided by 9272.
12
What is the remainder when 55691265 is divided by 76?
61
What is the remainder when 313723 is divided by 104298?
829
Calculate the remainder when 18837 is divided by 4386.
1293
Calculate the remainder when 1979145 is divided by 22747.
156
Calculate the remainder when 66260732 is divided by 137.
134
What is the remainder when 6800902 is divided by 200025?
52
Calculate the remainder when 70450 is divided by 2549.
1627
What is the remainder when 4379868 is divided by 41713?
3
Calculate the remainder when 724366 is divided by 2035.
1941
Calculate the remainder when 11163715 is divided by 2790928.
3
What is the remainder when 103346888 is divided by 14560?
8
Calculate the remainder when 2914951 is divided by 748.
743
Calculate the remainder when 8916446 is divided by 215.
181
What is the remainder when 5486612 is divided by 11?
10
Calculate the remainder when 78982119 is divided by 7.
6
What is the remainder when 54965473 is divided by 1663?
1660
Calculate the remainder when 3050246 is divided by 1339.
4
What is the remainder when 2943918 is divided by 1471955?
8
What is the remainder when 11339343 is divided by 315?
288
Calculate the remainder when 39581 is divided by 5582.
507
Calculate the remainder when 597728 is divided by 745.
238
Calculate the remainder when 2740694 is divided by 913546.
56
What is the remainder when 783363 is divided by 737?
669
What is the remainder when 10535865 is divided by 5267924?
17
What is the remainder when 7639652 is divided by 92044?
0
Calculate the remainder when 19960029 is divided by 3992004.
9
Calculate the remainder when 55001 is divided by 1151.
904
Calculate the remainder when 237906 is divided by 9912.
18
What is the remainder when 2002206 is divided by 1001094?
18
Calculate the remainder when 211610 is divided by 70406.
392
Calculate the remainder when 12489980 is divided by 752.
12
What is the remainder when 2017379 is divided by 25?
4
Calculate the remainder when 29976677 is divided by 19.
16
What is the remainder when 110809749 is divided by 24?
21
Calculate the remainder when 9049453 is divided by 2590.
2583
Calculate the remainder when 22985268 is divided by 1415.
8
What is the remainder when 15175169 is divided by 5271?
5231
What is the remainder when 3479248 is divided by 15?
13
What is the remainder when 7199444 is divided by 321?
56
What is the remainder when 663590 is divided by 3815?
3595
What is the remainder when 1349066 is divided by 49?
47
What is the remainder when 1548472 is divided by 172014?
346
Calculate the remainder when 12171382 is divided by 6085680.
22
What is the remainder when 39355 is divided by 1706?
117
What is the remainder when 2526471 is divided by 2195?
26
Calculate the remainder when 2388770 is divided by 597.
173
Calculate the remainder when 51116682 is divided by 1428.
1422
Calculate the remainder when 5454197 is divided by 48.
5
Calculate the remainder when 406630 is divided by 1406.
296
Calculate the remainder when 644671663 is divided by 104.
103
What is the remainder when 834205 is divided by 42?
1
What is the remainder when 22352546 is divided by 575?
571
What is the remainder when 72852 is divided by 3305?
142
What is the remainder when 1764703 is divided by 513?
496
Calculate the remainder when 166111809 is divided by 5537060.
9
What is the remainder when 36415131 is divided by 18207561?
9
Calculate the remainder when 142562 is divided by 4915.
27
Calculate the remainder when 53994118 is divided by 13498511.
74
Calculate the remainder when 1895474 is divided by 1760.
1714
What is the remainder when 11106710 is divided by 42?
20
Calculate the remainder when 47864 is divided by 1838.
76
What is the remainder when 9286072 is divided by 4473?
124
Calculate the remainder when 1741361 is divided by 1602.
1589
What is the remainder when 1879553 is divided by 616?
137
Calculate the remainder when 2463705 is divided by 2997.
171
Calculate the remainder when 1208006 is divided by 30974.
20
What is the remainder when 120666159 is divided by 2384?
2383
What is the remainder when 550407 is divided by 155?
2
Calculate the remainder when 20206527 is divided by 2020652.
7
What is the remainder when 230983 is divided by 3131?
2420
What is the remainder when 14171456 is divided by 497?
495
What is the remainder when 928854 is divided by 894?
882
Calculate the remainder when 189233 is divided by 55.
33
What is the remainder when 343559 is divided by 392?
167
What is the remainder when 88800385 is divided by 1645?
1640
Calculate the remainder when 11155568 is divided by 260.
8
What is the remainder when 16144622 is divided by 274?
268
Calculate the remainder when 5982635 is divided by 199.
98
What is the remainder when 18470064 is divided by 40?
24
Calculate the remainder when 93047 is divided by 93021.
26
Calculate the remainder when 649592 is divided by 4010.
3982
Calculate the remainder when 2673205 is divided by 1404.
1393
Calculate the remainder when 51489 is divided by 1781.
1621
Calculate the remainder when 17934034 is divided by 1836.
1822
Calculate the remainder when 64687735 is divided by 104.
47
What is the remainder when 441087789 is divided by 12?
9
Calculate the remainder when 173897435 is divided by 45274.
1
What is the remainder when 5949443 is divided by 1983147?
2
Calculate the remainder when 101534467 is divided by 54.
49
What is the remainder when 242753046 is divided by 9453?
6
What is the remainder when 7714268 is divided by 747?
746
What is the remainder when 1011758 is divided by 3295?
193
Calculate the remainder when 310872 is divided by 25886.
240
Calculate the remainder when 10858377 is divided by 260.
257
Calculate the remainder when 155881 is divided by 9739.
57
Calculate the remainder when 266535 is divided by 88667.
534
What is the remainder when 603272 is divided by 593?
191
What is the remainder when 151805459 is divided by 50?
9
What is the remainder when 631750400 is divided by 13403?
13398
Calculate the remainder when 16545218 is divided by 34.
2
Calculate the remainder when 430707 is divided by 215327.
53
What is the remainder when 4846291 is divided by 1493?
13
What is the remainder when 6073010 is divided by 1507?
1307
Calculate the remainder when 440453 is divided by 3289.
3016
Calculate the remainder when 715368 is divided by 55008.
264
Calculate the remainder when 43007 is divided by 564.
143
What is the remainder when 62413 is divided by 12379?
518
What is the remainder when 1247207 is divided by 4171?
78
Calculate the remainder when 215253812 is divided by 1041.
1037
What is the remainder when 2362207 is divided by 1328?
1023
Calculate the remainder when 976261 is divided by 2146.
1977
Calculate the remainder when 193614332 is divided by 44.
32
What is the remainder when 720257 is divided by 5761?
132
Calculate the remainder when 252679060 is divided by 2230.
2220
What is the remainder when 57179445 is divided by 2867?
2864
Calculate the remainder when 7302596 is divided by 7819.
7469
What is the remainder when 50413649 is divided by 123?
8
What is the remainder when 2365550 is divided by 1560?
590
What is the remainder when 24865588 is divided by 4282?
14
What is the remainder w